66 = 24424*a. Is a a prime number?
False
Suppose 11*f - 146117 = -13534. Is f a prime number?
False
Is ((-4)/((-32)/(-323384)))/(-1) a prime number?
True
Suppose 31 = 13*w - 21. Suppose 0 = w*y - 6*y - c + 66509, 5*c = 15. Is y a prime number?
False
Is 33/(-154)*-7*-6 + 62860 composite?
False
Suppose 45*f = 46*f + 356. Let p = f + 716. Let d = p - 245. Is d composite?
True
Let k = 8121 - 4134. Suppose 106*c + k = 115*c. Is c prime?
True
Let n = -526453 - -999804. Is n composite?
False
Let o be (-4194)/(-15) - -1*(-2)/(-5). Suppose -3*f - 9 = 0, -8*f - o = -5*y - 3*f. Suppose -6*v + y = -7. Is v a prime number?
False
Let j = 58 + -58. Suppose j = 14*a - 22*a - 24. Let r(l) = 189*l**2 - 2*l - 4. Is r(a) composite?
True
Let f(x) = -40692*x + 65. Is f(-1) a prime number?
False
Let z = -4342 - -20549. Is z a prime number?
False
Suppose 3*s + 3 = 3*t, -8 = 4*s + 4. Suppose -3*o - 12 = 0, 2*m + 2*m - 60 = 5*o. Is 1*m/t*83*-1 a prime number?
False
Suppose 6*g - 3*g = 2*r + 4, -4*g + 28 = 3*r. Suppose m + 11966 = 2*k, -2*k + 11950 = 7*m - g*m. Is k composite?
False
Let k = 31008 + 73246. Is k prime?
False
Suppose 21*n = -18*n + 1927809. Is n a prime number?
False
Suppose 4*c = 12*c - 17848. Suppose -4*b = -2*a + 18 + 1084, -4*a - b + c = 0. Is a composite?
False
Suppose -35 = 5*r, 3*r - 1484584 = -11*q + 6*q. Is q prime?
True
Let x(t) be the first derivative of -94*t**2 + 67*t - 99. Is x(-9) a composite number?
False
Let p be 3*2 - (7 - 3). Let j be (11 + -1)/p + 48/(-24). Suppose z = j*o + 565, 4*z = 4*o + 2841 - 581. Is z prime?
False
Let m(j) = 13*j**2 + 36*j - 38. Let g be m(-16). Let d = g + 8195. Is d a composite number?
False
Let y(n) = -2*n + 62. Let m be y(28). Let f(r) = 168*r**2 + 13*r - 13. Is f(m) composite?
False
Suppose 0 = 7*w - 5*w - 4. Suppose -4*g - 3 = -3*o, 2*g + w = -2*o + 4. Suppose 5*j - o - 24 = 0, 0 = -d + 4*j + 63. Is d composite?
False
Suppose 106442 = o - 9*x, 4*x - 61822 = 3*o - 381263. Is o a composite number?
False
Let d(m) = 689*m**2 - 5*m - 17. Let f(c) = c**2 - 3*c - 14. Let h be f(5). Is d(h) a prime number?
True
Let t(j) = j**3 - 18*j**2 + 16*j - 12. Let n be t(17). Let z = -43 - n. Is (-2098)/8*(z + 10) prime?
True
Let y = -116528 + 185847. Is y composite?
True
Suppose -6*r + 4*r - 102886 = -4*m, -m + r + 25723 = 0. Suppose 7*w - 4*w - 3*j - 77214 = 0, -w = 5*j - m. Is w prime?
False
Let v be 4/(-18) - (2 - 384/27). Suppose -18*g + 36246 = -v*g. Is g composite?
True
Suppose -2*i + 4*n = -3010, -6943 = -5*i - n + 571. Suppose -6*s = 2*x - s - 27, 4*x + s - 9 = 0. Is (x/(-2))/(i/1506 + -1) composite?
False
Let b(n) = n**3 - 4*n**2 - 8. Let g be b(4). Let q(k) = -159*k - 13. Let l be q(g). Is (-12 - -11)*-1*l a composite number?
False
Is 15 - 13 - 898*(-195)/10 a composite number?
True
Let n be 4*1/24 + (-11)/(-6). Let f be n/5 + 776/(-40). Let y(t) = -t**3 - 17*t**2 + 14*t - 5. Is y(f) a composite number?
True
Is (-725014)/(-4) + ((-87)/(-174))/(1 - 2) a composite number?
False
Let m be -1 - (66/(-12) + (-1)/(-2)). Suppose -2*y - 11083 = 3*v + 1939, 0 = -2*v + m. Let a = 9195 + y. Is a a composite number?
True
Is (-6)/(-3)*6919055/130 a prime number?
False
Let z be (-48)/90*-5*24/2. Is 8918 - z/(-8) - (-2 - -1) a prime number?
True
Let g be (1 + 2)*7/7. Suppose 0 = -4*k + g*z + 14767, -19*k = -24*k + z + 18456. Is k a composite number?
False
Let w(r) = 416938*r**2 + 111*r. Is w(-1) a prime number?
False
Let q = 789 - 787. Suppose -q*o - 9535 + 26865 = 0. Is o a prime number?
False
Suppose 3*i - 56 = -35. Is (8/2)/((-359007)/51293 + i) a prime number?
True
Is (-288)/24 + (-2 + -2 - -1482005) composite?
False
Suppose -12*l + 10527 + 277821 = 0. Is l composite?
False
Suppose -62*o = d - 67*o - 5386, -3*o - 5384 = -d. Is d prime?
True
Let d(k) = -k**3 + 9*k**2 - 6*k - 11. Let t be d(8). Suppose 5*f - 3*c - 25 + 6 = 0, -13 = -t*f + c. Is (9/27)/(f/3486) a prime number?
False
Let y(i) = i**3 - i**2 - 142*i - 31. Is y(45) a prime number?
False
Suppose -189*r - 6667212 = -35*r - 16306534. Is r a prime number?
False
Let q(x) = -386*x - 21. Let y be q(-12). Suppose y = -378*n + 381*n. Is n a prime number?
False
Is 2/(-2)*(-26)/(754/9061253) composite?
True
Is (-1)/(-17) + 36964452/714 a composite number?
True
Let d(t) = -9*t + 1259. Let v(i) = 19*i - 2519. Let k(a) = -5*d(a) - 2*v(a). Let c(n) = -3*n + 628. Let p(y) = 5*c(y) + 2*k(y). Is p(0) composite?
True
Suppose -15*x + 11 = -14*x - 4*z, 5*x = z + 17. Is x/1 + -12146*(-2)/2 composite?
False
Let v = 88208 - 9075. Is v prime?
True
Suppose -4*v - v - 2*s + 915111 = 0, 5*s = -4*v + 732099. Is v composite?
True
Suppose -62*i = -70*i + 68808. Let d = i - 4990. Is d composite?
True
Let h(l) = -40*l**2 - 5*l - 2. Let p be h(-2). Let m = p - 410. Let t = m - -1095. Is t composite?
True
Suppose 2*i + 12 + 4 = 3*l, -5*i - 31 = -3*l. Suppose 5*v - 1674 = l*v. Let b = 1145 + v. Is b prime?
False
Let c(r) = 2*r + 32. Let n be c(-13). Suppose 0 = -s + 2, -2*q - 2*s - 4 = -n*s. Suppose 0 = q*p - 8, -5*m - 2*p + 2087 = p. Is m prime?
False
Let u(z) = z**2 - 18*z + 60. Let k be u(14). Suppose 0 = 3*t - 2*y - 7351, -2*t + k*y - y = -4894. Is t a composite number?
True
Let h(m) = -m**3 - 6*m**2 - 3*m + 12. Let g be h(-5). Suppose -g*r + 7*u - 9*u = -110, -4*r = u - 220. Is r composite?
True
Let j(r) = 6*r**2 - 20*r - 9. Let b be j(12). Let z = b - 361. Is z prime?
False
Let k(c) = -3*c - 19. Suppose -4*p + 12 = n, n - 2*p + 18 = -0*p. Let w be k(n). Suppose -5*z + 3815 = w*l, -2*z = -4*l - 0*z + 3076. Is l a prime number?
False
Let n(y) = 25517*y - 78. Is n(1) prime?
True
Suppose -7600288 = -62*c - 906582. Is c a prime number?
False
Suppose -k + 80621 = -2*f, -3*k + 2*f + 241869 = -3*f. Is k a composite number?
True
Let l = 765690 - 494227. Is l a prime number?
True
Is (-37)/((-74)/702888) + 5 a composite number?
True
Suppose -12*l - 65177027 = -489*l + 45390142. Is l composite?
True
Let y be (4 - 0) + -3 - -3. Suppose 21 = y*u - 31. Suppose 6*l = u*l - 4487. Is l a composite number?
False
Let l = 207054 - 115295. Is l a composite number?
True
Suppose -k = 12 + 10. Let u be (0 + k/(-4))*18. Is (u - (1 + 1))*1 a prime number?
True
Suppose 2*u - 130 = -3*a - 20, -2*a - u + 73 = 0. Let o be 90/a*8/5. Suppose -3*w - o*r + 7*r = -3273, -3*r + 2162 = 2*w. Is w prime?
True
Let x = 38722 - 55116. Let b = -5851 - x. Is b prime?
False
Let a(r) = -r**2 + 10*r - 23. Let k be a(6). Let x be ((-55)/(-10) - k)*170/3. Let q = 522 - x. Is q composite?
True
Let z(h) be the second derivative of 10/3*h**3 + 7/2*h**2 - 6*h - 3/4*h**4 + 0 + 1/20*h**5. Is z(11) a composite number?
True
Suppose 37350 = 4*n + 2*l, 0 = -5*n - 0*l + 4*l + 46720. Let i = n + -1587. Is i a composite number?
False
Suppose 56*m - 50*m = 41550. Let u = m + -2718. Is u composite?
True
Let h = 313 + -312. Is 1/((-1)/h + (-36408)/(-36402)) composite?
False
Suppose 76*x = 11*x + 2224264 + 934411. Is x prime?
False
Suppose 2565568 = 71*g - 6093379. Is g composite?
True
Suppose -1009488 - 953884 = -46*y. Is y prime?
False
Let k be 1/((-31880)/10628 + 3). Let i = k + -1651. Suppose -1759 = -5*l + i. Is l a composite number?
True
Suppose 3*p + 177054 = -4*m, -5*m = p - 2*m + 59013. Let g = p + 84271. Is g composite?
True
Suppose -43*g + 13*g = 36*g - 2632542. Is g a composite number?
False
Let q = -780 + 793. Suppose q*b + 59275 = 335148. Is b composite?
False
Let k = 294 - 407. Is (-689)/13*1*k a composite number?
True
Suppose 50*p - x = 48*p + 44290, 2*x + 110727 = 5*p. Is p composite?
False
Let o be 13 + 32/48 + 11/(-3). Suppose -o*b + 6996 = -6*b. Let h = b - -98. Is h composite?
False
Let j(m) = m - 7. Let x be j(-6). Let n(z) = 16*z**2 + 2 + 9*z - 23 + 3. Is n(x) composite?
True
Let c(l) be the third derivative of l**5/60 - 3*l**4/8 + 3*l**3/2 + 6*l**2. Let v be c(11). Suppose 4*z = 4*m - v - 1745, -3*z = -2*m + 883. Is m composite?
False
Let z(s) = -4*s**2 + 184*s + 81. Is z(43) prime?
False
Let v(j) = -21*j**2 - 4*j - 18. Let x be v(15). Let c = x - -9457. Let n = c - 3011. Is n prime?
False
Let q be -17 + -6 + 25/5. Let p(y) = -125*y + 83. Is p(q) prime?
True
Suppose 198*x - 125768570 + 11457824 = 0. Is x a prime number?
True
Suppose 0 = -5*p - 2*n + 16, -3*n - 5 = -2*p + 9. Suppose l - 2572 = j, 5*l - p*j - 12857 = -0*l. Is l composi